(20/16 - r)*20. Let a = l + 26. What is the highest common divisor of 121 and a?
11
Let m = -408 + 640. What is the highest common divisor of 145 and m?
29
Let y(f) be the second derivative of f**3/6 + 33*f**2/2 + 3*f. Let k be y(6). What is the greatest common factor of k and 429?
39
Suppose -250 = -4*j - 3*s + 753, -5*s = 3*j - 766. Calculate the greatest common factor of 26 and j.
13
Let q = 267 + -171. What is the greatest common divisor of q and 144?
48
Let f be -4 + (-312)/(-32) - (-1)/4. What is the greatest common factor of f and 150?
6
Let f be (21/(-15) + 2)/((-2)/(-110)). Calculate the greatest common factor of 231 and f.
33
Let i be 54/4*(-4)/(-6). Suppose -2*y - 532 = -i*y. What is the highest common divisor of 19 and y?
19
Let d(k) = k**2 - 8*k - 6. Let x be d(4). Let n be 2*(2 - x/4). Calculate the greatest common factor of n and 20.
5
Let k be (-10)/55 - (-123)/11. Suppose g + 48 = 4*a, a + g = -7 + 14. What is the greatest common factor of k and a?
11
Suppose 5*x - 75 = -2*z + 8*x, 4*z = 2*x + 154. Calculate the highest common divisor of z and 299.
13
Let c be (108/(-10))/((-31)/155). What is the greatest common divisor of c and 12?
6
Suppose -32 = -2*n - 5*b + 25, 101 = 4*n - 3*b. What is the highest common divisor of 65 and n?
13
Suppose 0 = i - 3, 2*i + 3*i + 21 = l. What is the greatest common divisor of l and 24?
12
Suppose -5*i - 684 + 24 = -4*u, 4*i = 4*u - 660. Calculate the greatest common factor of u and 15.
15
Let t = -237 - -477. What is the greatest common divisor of t and 15?
15
Let q = -263 - -399. Suppose -2*n = -0*n - 10. Suppose 0 = n*t - 0*t - 85. Calculate the greatest common factor of q and t.
17
Suppose 0 = 4*u - q - 713 + 170, 3*q - 700 = -5*u. Suppose u = z - 127. Calculate the greatest common factor of z and 24.
24
Let x = -1351 - -1365. What is the highest common factor of 63 and x?
7
Let v = 115 - 198. Suppose -4*z = -16, 5*m - 3*z = 575 + 158. Let x = v + m. Calculate the highest common divisor of x and 6.
6
Let a = -11 - -12. Let z be -6 + (1 + -2)*a. Let n(l) = l**2 + 4*l - 1. Let g be n(z). What is the highest common factor of 220 and g?
20
Suppose 30 = 5*f - 4*f. Let m = 8038 + -7963. Calculate the highest common factor of m and f.
15
Suppose 0 = 16*q - 5*q - 3630. Calculate the highest common divisor of 66 and q.
66
Suppose -19*k + 957 = -8*k. What is the highest common divisor of 435 and k?
87
Let p be (-136)/17*(2 + -70 + -2). Calculate the highest common divisor of 70 and p.
70
Let l be (-3586)/(-7) + (-198)/(-42) + -5. What is the greatest common factor of 32 and l?
32
Suppose 5*f - 4*y - 1062 = -5*y, 5*y + 15 = 0. Suppose -c - 87 + f = 0. Let z be ((-4)/(-6))/(2/3) + 13. What is the greatest common divisor of c and z?
14
Let g = -228 + 282. Calculate the greatest common divisor of 3 and g.
3
Suppose 4 = -3*w - 0*y + 2*y, -3*w - 2 = -y. Suppose w = v + v - 140. Let m = -115 - -125. What is the highest common divisor of m and v?
10
Let w be -11 - (-18 + 9) - -92. Calculate the greatest common divisor of w and 126.
18
Let f(u) = u**3 + 40*u**2 - 47*u + 90. Let q be f(-41). What is the highest common factor of q and 21?
21
Let t = 20 + -16. Suppose t*q = -2*h + 26, 2*h + 6 = 4*h. Calculate the highest common factor of q and 5.
5
Suppose -c + q + 59 = 0, 0 = 4*c + 2*q - 54 - 188. Let t(y) = -y**3 + 7*y**2 + 3*y. Let d be t(3). Calculate the highest common divisor of d and c.
15
Let w be (-6)/8*(-18 + -2). Let a be 90/(1 + 2/(-6)). Calculate the greatest common divisor of a and w.
15
Let x(n) be the second derivative of n**5/20 - n**4/12 - 9*n**2/2 - n. Let d be x(0). Let i = d - -65. What is the greatest common divisor of 7 and i?
7
Suppose -5*z = t - 795 - 4730, 0 = -2*z - 4*t + 2192. Calculate the greatest common divisor of z and 14.
14
Let k(t) = 110*t + 456. Let u be k(-4). Let n(z) = -22*z + 2. Let b be n(-5). Calculate the greatest common factor of b and u.
16
Let d be ((-40)/50 - 14/(-5)) + 1. Let r be 9 - (d + 1 - 5). Suppose 0 = 2*p - 4*j - 56, -j + 33 + 63 = 5*p. What is the highest common factor of r and p?
10
Let o = -99 - -145. What is the highest common divisor of 69 and o?
23
Let g(z) = -64*z + 9. Let j be g(-3). Suppose 35 + j = 2*x + 4*f, f = -4. Calculate the greatest common divisor of x and 18.
18
Let k = -157 + 362. Calculate the greatest common divisor of 5 and k.
5
Suppose 4*b - b = 9. Suppose 0 = -10*g - 13*g + 483. Calculate the highest common divisor of b and g.
3
Let v be 1*((-10)/5 + 4). Suppose -z - 7*a + v*a = -33, 2*z + 5*a = 81. What is the greatest common factor of 24 and z?
24
Suppose -9*f - 4 = -22. Let z be 10/f - (-10 - -3). Suppose 5*d - 65 = -25. What is the highest common divisor of d and z?
4
Suppose -3*g - 5 = 3*u - 23, 5*g - 2*u = 9. Suppose -g*w + 0*w + 27 = 2*r, 3 = -r. Calculate the highest common divisor of w and 44.
11
Let i be 4 - 6*(-3)/(-6). Let b be -2*i/1*-1. Let g be 2 - 11*(b + -5). What is the greatest common factor of 7 and g?
7
Suppose 2*a - 5*c = -1, 4*a = -2*c - 2*c - 44. Let y be ((-99)/36)/(2/a). Calculate the greatest common factor of y and 55.
11
Suppose 4*i = 1775 - 191. Suppose -21*d = -3*d - i. What is the greatest common divisor of d and 55?
11
Let q = 90 - -6. Let l(v) = -v + 14. Let r be l(2). What is the highest common factor of q and r?
12
Let k(j) = -1023*j + 26. Let z be k(-2). What is the highest common factor of z and 56?
56
Suppose 26*k - 4992 = -0*k. What is the highest common factor of k and 24?
24
Let s = -146 - -258. What is the highest common factor of s and 28?
28
Let r(p) = -p + 26. Let j be r(0). Suppose 0 = 3*c + 37 - 505. Calculate the highest common divisor of j and c.
26
Suppose 27 = -5*r + 2, -2*r = -4*h + 1126. What is the highest common factor of h and 31?
31
Let t = 71 + 12. Calculate the greatest common divisor of t and 581.
83
Let n = 50 - 43. Let d be 260 + 4/(1 + 1). Let v = d - 185. Calculate the highest common divisor of v and n.
7
Suppose 5*q - 214 = -34. Let g(u) = -u**3 - 21*u**2 + 25*u + 32. Let v be g(-22). Let k = v - -40. Calculate the highest common divisor of k and q.
6
Let f(z) = -9*z + z + 0 + 2*z - 1. Let j be f(-11). What is the greatest common divisor of j and 13?
13
Let z be 1/3 - (-104)/12. Let n = -1474 - -1483. Calculate the highest common divisor of n and z.
9
Suppose -2*d = 10, -5*d + 0*d = -u + 34. Suppose -2*z + 7 + u = 0. Calculate the highest common factor of z and 4.
4
Suppose 0 = -27*c + 30*c - 9. Let a be (14 - -13) + 1*c. Calculate the highest common factor of 30 and a.
30
Let l(z) = z**3 - 5*z**2 + z - 1. Let f be l(5). Suppose -f*u = -9*u + 1045. What is the greatest common factor of u and 19?
19
Let n(d) = 3*d**2 - d. Let b be n(-2). Calculate the highest common divisor of b and 7.
7
Let m = 103 + -68. Suppose -s = -m + 20. Calculate the greatest common divisor of 10 and s.
5
Let n = -24 - -31. Suppose 11*o + n*o = 108. Calculate the greatest common divisor of o and 2.
2
Suppose -135*r + 360 = -129*r. Calculate the greatest common divisor of 15 and r.
15
Let z(t) = t**2 + 25*t - 13. Let p be z(-27). Calculate the highest common factor of 1763 and p.
41
Let q = -3 + 86. Suppose z - r + 134 = 6*z, -3*z + q = -2*r. Let x(g) = g**2 - 3*g - 7. Let n be x(5). What is the greatest common factor of n and z?
3
Let h be 15/(7/(-56)*12/(-14)). Suppose -2*n = 3*n - 170. Let x = n + -20. Calculate the greatest common factor of x and h.
14
Let h(o) = o**2 + 15. Let u = -7 + 7. Let d be h(u). Let y be (-64)/(-10) + d/25. What is the highest common factor of 35 and y?
7
Let h be 0 + 2/(-21) - (-2407570)/1806. Calculate the greatest common divisor of h and 31.
31
Suppose 96 = 4*k + 5*v, -5*k - 4*v + 70 + 41 = 0. Let b = k - 6. Calculate the highest common divisor of 104 and b.
13
Let w(g) = -11 + 1 + g**3 - 12*g**2 - 12*g - 2*g**3 - 4*g. Let y be w(-10). Let x be y*(21/6)/(-7). Calculate the greatest common factor of 5 and x.
5
Let b(u) = u**3 + 16*u**2 - 56*u + 49. Let x be b(-19). Let s = -108 - -213. What is the greatest common factor of x and s?
15
Let o = 28 - 22. Let k = 27 - o. Suppose 2*f + 53 = 137. Calculate the greatest common factor of f and k.
21
Suppose -2*f + 479 = -3. Suppose -4*y - 61 = -f. What is the greatest common factor of 18 and y?
9
Let r be 21 + (5 + -9)*